{"id":588,"date":"2019-09-03T17:27:40","date_gmt":"2019-09-03T15:27:40","guid":{"rendered":"http:\/\/wittingsbrok.de\/?page_id=588"},"modified":"2019-11-15T16:30:17","modified_gmt":"2019-11-15T14:30:17","slug":"das-kleinhaus","status":"publish","type":"page","link":"http:\/\/wittingsbrok.de\/?page_id=588","title":{"rendered":"Das Kleinhaus"},"content":{"rendered":"\n<p>Der Typ des Kleinhauses mit Stallanbau wurde um 1750 in Brandenburg auf Gehei\u00df des preu\u00dfischen K\u00f6nigs serienm\u00e4\u00dfig f\u00fcr Handwerker, Arbeiter und Landbewohner errichtet. Sie waren billigst gebaut, ohne repr\u00e4sentativen Schmuck und erm\u00f6glichten Gem\u00fcseanbau und Kleintierhaltung. Urspr\u00fcnglich gab es nur eine Wohnk\u00fcche und kleine Schlafkammern.  <br>Die Ausformung als Doppelhaus erh\u00f6hte die Sparsamkeit hinsichtlich W\u00e4rmehaushalt und Grundst\u00fccksausnutzung.<br>(vergl. Michael Neumann, Stadtplanung und Wohnungsbau in Oldenburg 1850 \u2013 1914, Heinz Holzberg Verlag Oldenburg 1982, S. 58)<\/p>\n\n\n\n<p>Das\nDoppelhaus mit r\u00fcckseitigem Stallanbau wurde in Oldenburg erstmals\num 1870 in der Kl\u00e4vemannsiedlung an der Donnerschweer Stra\u00dfe\nserienm\u00e4\u00dfig gebaut. <br>Im Melkbrink stehen auch heute noch die\n1905 von Heinrich Schelling entworfenen Doppelh\u00e4user Nr. 18 \u2013 26.\nDie H\u00e4user sind  eingesch\u00f6ssig und traufenst\u00e4ndig und haben eine\nDachneigung von etwa 45\u00b0. Die Haust\u00fcren befinden sich\nnebeneinander, jeweils links und rechts liegen die Stuben. Durch\neinen Drempel oder Kniestock ist das Dach h\u00f6her angesetzt als die\nGeschossdecke und bietet oft zwei niedrigen Fenstern Platz.\nUmgangssprachlich wird diese Hausform \u201eOldenburger Hundeh\u00fctten\u201c\ngenannt.<\/p>\n\n\n\n<p>Eine\nBesonderheit ist der Typ traufenst\u00e4ndiges Doppelhaus mit jeweils\nau\u00dfen an der Stra\u00dfenseite liegenden Haust\u00fcren und Treppenhaus, bei\ndem die W\u00e4rme der nunmehr aneinander liegenden Stuben besser\ngehalten werden konnte, solch ein Haus steht noch am Rauhehorst Nr.\n10.<\/p>\n\n\n\n<div class=\"wp-block-image\"><figure class=\"aligncenter size-large is-resized\"><img decoding=\"async\" src=\"http:\/\/wittingsbrok.de\/wp-a6f61-content\/uploads\/2019\/09\/IGP0786.jpg\" alt=\"\" class=\"wp-image-589\" width=\"600\" srcset=\"http:\/\/wittingsbrok.de\/wp-a6f61-content\/uploads\/2019\/09\/IGP0786.jpg 968w, http:\/\/wittingsbrok.de\/wp-a6f61-content\/uploads\/2019\/09\/IGP0786-300x201.jpg 300w, http:\/\/wittingsbrok.de\/wp-a6f61-content\/uploads\/2019\/09\/IGP0786-768x514.jpg 768w\" sizes=\"(max-width: 968px) 100vw, 968px\" \/><figcaption>Rauhehorst Nr. 10, erbaut 1900<br>Bauherr: Brieftr\u00e4ger J. E. Oltmanns, Architekt: Zimmermeister W. Wilkens<\/figcaption><\/figure><\/div>\n\n\n\n<p>R\u00fcckw\u00e4rtig\nbefindet sich die K\u00fcche, fr\u00fcher mit Durchgang zum Stall und\nteilweise zur Toilette. Teilweise war die Toilette nur \u00fcber den Hof\nzug\u00e4nglich.  \n<\/p>\n\n\n\n<p>Der Nachteil der traufenst\u00e4ndigen H\u00e4user war, dass bei enger Bebauung die giebelseitigen R\u00e4ume wenig Licht erhielten. Die beiden r\u00fcckseitigen Stallanbauten waren meistens au\u00dfen plaziert, so dass sich zwischen ihnen ein kleiner windgesch\u00fctzter Innenhof ergab.  <br>(vergl. Kurt Asche, Das B\u00fcrgerhaus in Oldenburg, S. 119, 120, T 50).<\/p>\n\n\n\n<p>Erweiterte Haustypen sind die traufenst\u00e4ndigen Doppelh\u00e4user mit Zwerchhaus oder Zwerchgiebel, so dass  im ersten Stock ein oder zwei zur Stra\u00dfenseite gelegene Kammern mit gro\u00dfen Fenstern eingebaut werden konnten oder das Treppenhaus gr\u00f6\u00dfer gestaltet werden konnte. Solch ein Haus steht am Vahlenhorst Nr.17, es wurde 1897 von Ludwig Freytag f\u00fcr den Oldenburger Bauverein entwickelt. Bei diesem Haus ist eine Besonderheit, dass die Stallanbauten f\u00fcr beide H\u00e4lften mittig liegen und damit ein gemeinsames Dach haben (vergl. Michael Neumann, Stadtplanung und Wohnungsbau in Oldenburg 1850 \u2013 1914, Heinz Holzberg Verlag Oldenburg 1982, S. 61, 199 und 205).<\/p>\n\n\n\n<div class=\"wp-block-image\"><figure class=\"aligncenter size-large is-resized\"><img decoding=\"async\" src=\"http:\/\/wittingsbrok.de\/wp-a6f61-content\/uploads\/2019\/11\/IGP0856-2.jpg\" alt=\"\" class=\"wp-image-940\" width=\"400\" srcset=\"http:\/\/wittingsbrok.de\/wp-a6f61-content\/uploads\/2019\/11\/IGP0856-2.jpg 854w, http:\/\/wittingsbrok.de\/wp-a6f61-content\/uploads\/2019\/11\/IGP0856-2-300x203.jpg 300w, http:\/\/wittingsbrok.de\/wp-a6f61-content\/uploads\/2019\/11\/IGP0856-2-768x520.jpg 768w\" sizes=\"(max-width: 854px) 100vw, 854px\" \/><figcaption>Vahlenhorst Nr. 17<\/figcaption><\/figure><\/div>\n\n\n\n<p>Im Dietrichsweg Nr. 83 steht ein \u00e4hnlicher 1909 erbauter Typ allerdings mit au\u00dfen liegenden Stallanbauten.<\/p>\n\n\n\n<div class=\"wp-block-image\"><figure class=\"aligncenter size-large is-resized\"><img decoding=\"async\" src=\"http:\/\/wittingsbrok.de\/wp-a6f61-content\/uploads\/2019\/09\/IGP0780.jpg\" alt=\"\" class=\"wp-image-590\" width=\"400\" srcset=\"http:\/\/wittingsbrok.de\/wp-a6f61-content\/uploads\/2019\/09\/IGP0780.jpg 968w, http:\/\/wittingsbrok.de\/wp-a6f61-content\/uploads\/2019\/09\/IGP0780-300x201.jpg 300w, http:\/\/wittingsbrok.de\/wp-a6f61-content\/uploads\/2019\/09\/IGP0780-768x514.jpg 768w\" sizes=\"(max-width: 968px) 100vw, 968px\" \/><figcaption>Doppelhaus mit r\u00fcckw\u00e4rtigem Stallanbau im Dietrichsweg, erbaut 1909<\/figcaption><\/figure><\/div>\n\n\n\n<p>Im Brunsbrok und Wittingsbrok entwarf der Architekt Dr. Biebel eine Mischbebauung aus Einzelh\u00e4usern und Doppelh\u00e4usern. Die Einzelh\u00e4user stehen giebelst\u00e4ndig. So f\u00e4llt in die beiden Giebelr\u00e4ume gen\u00fcgend Licht, an der S\u00fcdseite des Daches wurden Gauben eingebaut. F\u00fcr die Doppelh\u00e4user nahm  Biebel das Konzept der Raumschaffung durch Kreuzwalmd\u00e4cher zur Stra\u00dfenseite hin auf.<br>Autorin: Sabine Nier<\/p>\n\n\n\n<p>Ein weiterer Buchtipp:<\/p>\n\n\n\n<div class=\"wp-block-image\"><figure class=\"aligncenter size-large is-resized\"><img decoding=\"async\" src=\"http:\/\/wittingsbrok.de\/wp-a6f61-content\/uploads\/2019\/09\/9200231_BibliographicResource_3000006448299-1-Anleitung-Bau-677x1024.jpeg\" alt=\"\" class=\"wp-image-597\" width=\"400\" srcset=\"http:\/\/wittingsbrok.de\/wp-a6f61-content\/uploads\/2019\/09\/9200231_BibliographicResource_3000006448299-1-Anleitung-Bau-677x1024.jpeg 677w, http:\/\/wittingsbrok.de\/wp-a6f61-content\/uploads\/2019\/09\/9200231_BibliographicResource_3000006448299-1-Anleitung-Bau-198x300.jpeg 198w, http:\/\/wittingsbrok.de\/wp-a6f61-content\/uploads\/2019\/09\/9200231_BibliographicResource_3000006448299-1-Anleitung-Bau-768x1161.jpeg 768w, http:\/\/wittingsbrok.de\/wp-a6f61-content\/uploads\/2019\/09\/9200231_BibliographicResource_3000006448299-1-Anleitung-Bau.jpeg 1200w\" sizes=\"(max-width: 677px) 100vw, 677px\" \/><\/figure><\/div>\n","protected":false},"excerpt":{"rendered":"<p>Der Typ des Kleinhauses mit Stallanbau wurde um 1750 in Brandenburg auf Gehei\u00df des preu\u00dfischen K\u00f6nigs serienm\u00e4\u00dfig f\u00fcr Handwerker, Arbeiter und Landbewohner errichtet. Sie waren billigst gebaut, ohne repr\u00e4sentativen Schmuck und erm\u00f6glichten Gem\u00fcseanbau und Kleintierhaltung. Urspr\u00fcnglich gab es nur eine Wohnk\u00fcche und kleine Schlafkammern. Die Ausformung als Doppelhaus erh\u00f6hte die Sparsamkeit hinsichtlich W\u00e4rmehaushalt und Grundst\u00fccksausnutzung.(vergl. [&hellip;]<\/p>\n","protected":false},"author":1,"featured_media":0,"parent":0,"menu_order":0,"comment_status":"closed","ping_status":"closed","template":"","meta":[],"yoast_head":"<!-- This site is optimized with the Yoast SEO plugin v19.11 - https:\/\/yoast.com\/wordpress\/plugins\/seo\/ -->\n<title>Das Kleinhaus - 100 Jahre Siedlungsgeschichte<\/title>\n<meta name=\"robots\" content=\"index, follow, max-snippet:-1, max-image-preview:large, max-video-preview:-1\" \/>\n<link rel=\"canonical\" href=\"http:\/\/wittingsbrok.de\/?page_id=588\" \/>\n<meta property=\"og:locale\" content=\"de_DE\" \/>\n<meta property=\"og:type\" content=\"article\" \/>\n<meta property=\"og:title\" content=\"Das Kleinhaus - 100 Jahre Siedlungsgeschichte\" \/>\n<meta property=\"og:description\" content=\"Der Typ des Kleinhauses mit Stallanbau wurde um 1750 in Brandenburg auf Gehei\u00df des preu\u00dfischen K\u00f6nigs serienm\u00e4\u00dfig f\u00fcr Handwerker, Arbeiter und Landbewohner errichtet. Sie waren billigst gebaut, ohne repr\u00e4sentativen Schmuck und erm\u00f6glichten Gem\u00fcseanbau und Kleintierhaltung. Urspr\u00fcnglich gab es nur eine Wohnk\u00fcche und kleine Schlafkammern. Die Ausformung als Doppelhaus erh\u00f6hte die Sparsamkeit hinsichtlich W\u00e4rmehaushalt und Grundst\u00fccksausnutzung.(vergl. [&hellip;]\" \/>\n<meta property=\"og:url\" content=\"http:\/\/wittingsbrok.de\/?page_id=588\" \/>\n<meta property=\"og:site_name\" content=\"100 Jahre Siedlungsgeschichte\" \/>\n<meta property=\"article:modified_time\" content=\"2019-11-15T14:30:17+00:00\" \/>\n<meta property=\"og:image\" content=\"http:\/\/wittingsbrok.de\/wp-a6f61-content\/uploads\/2019\/09\/IGP0786.jpg\" \/>\n<meta name=\"twitter:card\" content=\"summary_large_image\" \/>\n<meta name=\"twitter:label1\" content=\"Gesch\u00e4tzte Lesezeit\" \/>\n\t<meta name=\"twitter:data1\" content=\"2 Minuten\" \/>\n<script type=\"application\/ld+json\" class=\"yoast-schema-graph\">{\"@context\":\"https:\/\/schema.org\",\"@graph\":[{\"@type\":\"WebPage\",\"@id\":\"http:\/\/wittingsbrok.de\/?page_id=588\",\"url\":\"http:\/\/wittingsbrok.de\/?page_id=588\",\"name\":\"Das Kleinhaus - 100 Jahre Siedlungsgeschichte\",\"isPartOf\":{\"@id\":\"http:\/\/wittingsbrok.de\/#website\"},\"datePublished\":\"2019-09-03T15:27:40+00:00\",\"dateModified\":\"2019-11-15T14:30:17+00:00\",\"breadcrumb\":{\"@id\":\"http:\/\/wittingsbrok.de\/?page_id=588#breadcrumb\"},\"inLanguage\":\"de-DE\",\"potentialAction\":[{\"@type\":\"ReadAction\",\"target\":[\"http:\/\/wittingsbrok.de\/?page_id=588\"]}]},{\"@type\":\"BreadcrumbList\",\"@id\":\"http:\/\/wittingsbrok.de\/?page_id=588#breadcrumb\",\"itemListElement\":[{\"@type\":\"ListItem\",\"position\":1,\"name\":\"Startseite\",\"item\":\"http:\/\/wittingsbrok.de\/\"},{\"@type\":\"ListItem\",\"position\":2,\"name\":\"Das Kleinhaus\"}]},{\"@type\":\"WebSite\",\"@id\":\"http:\/\/wittingsbrok.de\/#website\",\"url\":\"http:\/\/wittingsbrok.de\/\",\"name\":\"100 Jahre Siedlungsgeschichte\",\"description\":\" im Wittingsbrok und im Brunsbrok in Oldenburg, Niedersachsen\",\"publisher\":{\"@id\":\"http:\/\/wittingsbrok.de\/#organization\"},\"potentialAction\":[{\"@type\":\"SearchAction\",\"target\":{\"@type\":\"EntryPoint\",\"urlTemplate\":\"http:\/\/wittingsbrok.de\/?s={search_term_string}\"},\"query-input\":\"required name=search_term_string\"}],\"inLanguage\":\"de-DE\"},{\"@type\":\"Organization\",\"@id\":\"http:\/\/wittingsbrok.de\/#organization\",\"name\":\"100 Jahre Siedlungsgeschichte\",\"url\":\"http:\/\/wittingsbrok.de\/\",\"logo\":{\"@type\":\"ImageObject\",\"inLanguage\":\"de-DE\",\"@id\":\"http:\/\/wittingsbrok.de\/#\/schema\/logo\/image\/\",\"url\":\"http:\/\/wittingsbrok.de\/wp-a6f61-content\/uploads\/2019\/07\/Logo-4-1-e1562934907339.jpg\",\"contentUrl\":\"http:\/\/wittingsbrok.de\/wp-a6f61-content\/uploads\/2019\/07\/Logo-4-1-e1562934907339.jpg\",\"width\":100,\"height\":100,\"caption\":\"100 Jahre Siedlungsgeschichte\"},\"image\":{\"@id\":\"http:\/\/wittingsbrok.de\/#\/schema\/logo\/image\/\"}}]}<\/script>\n<!-- \/ Yoast SEO plugin. -->","yoast_head_json":{"title":"Das Kleinhaus - 100 Jahre Siedlungsgeschichte","robots":{"index":"index","follow":"follow","max-snippet":"max-snippet:-1","max-image-preview":"max-image-preview:large","max-video-preview":"max-video-preview:-1"},"canonical":"http:\/\/wittingsbrok.de\/?page_id=588","og_locale":"de_DE","og_type":"article","og_title":"Das Kleinhaus - 100 Jahre Siedlungsgeschichte","og_description":"Der Typ des Kleinhauses mit Stallanbau wurde um 1750 in Brandenburg auf Gehei\u00df des preu\u00dfischen K\u00f6nigs serienm\u00e4\u00dfig f\u00fcr Handwerker, Arbeiter und Landbewohner errichtet. Sie waren billigst gebaut, ohne repr\u00e4sentativen Schmuck und erm\u00f6glichten Gem\u00fcseanbau und Kleintierhaltung. Urspr\u00fcnglich gab es nur eine Wohnk\u00fcche und kleine Schlafkammern. Die Ausformung als Doppelhaus erh\u00f6hte die Sparsamkeit hinsichtlich W\u00e4rmehaushalt und Grundst\u00fccksausnutzung.(vergl. [&hellip;]","og_url":"http:\/\/wittingsbrok.de\/?page_id=588","og_site_name":"100 Jahre Siedlungsgeschichte","article_modified_time":"2019-11-15T14:30:17+00:00","og_image":[{"url":"http:\/\/wittingsbrok.de\/wp-a6f61-content\/uploads\/2019\/09\/IGP0786.jpg"}],"twitter_card":"summary_large_image","twitter_misc":{"Gesch\u00e4tzte Lesezeit":"2 Minuten"},"schema":{"@context":"https:\/\/schema.org","@graph":[{"@type":"WebPage","@id":"http:\/\/wittingsbrok.de\/?page_id=588","url":"http:\/\/wittingsbrok.de\/?page_id=588","name":"Das Kleinhaus - 100 Jahre Siedlungsgeschichte","isPartOf":{"@id":"http:\/\/wittingsbrok.de\/#website"},"datePublished":"2019-09-03T15:27:40+00:00","dateModified":"2019-11-15T14:30:17+00:00","breadcrumb":{"@id":"http:\/\/wittingsbrok.de\/?page_id=588#breadcrumb"},"inLanguage":"de-DE","potentialAction":[{"@type":"ReadAction","target":["http:\/\/wittingsbrok.de\/?page_id=588"]}]},{"@type":"BreadcrumbList","@id":"http:\/\/wittingsbrok.de\/?page_id=588#breadcrumb","itemListElement":[{"@type":"ListItem","position":1,"name":"Startseite","item":"http:\/\/wittingsbrok.de\/"},{"@type":"ListItem","position":2,"name":"Das Kleinhaus"}]},{"@type":"WebSite","@id":"http:\/\/wittingsbrok.de\/#website","url":"http:\/\/wittingsbrok.de\/","name":"100 Jahre Siedlungsgeschichte","description":" im Wittingsbrok und im Brunsbrok in Oldenburg, Niedersachsen","publisher":{"@id":"http:\/\/wittingsbrok.de\/#organization"},"potentialAction":[{"@type":"SearchAction","target":{"@type":"EntryPoint","urlTemplate":"http:\/\/wittingsbrok.de\/?s={search_term_string}"},"query-input":"required name=search_term_string"}],"inLanguage":"de-DE"},{"@type":"Organization","@id":"http:\/\/wittingsbrok.de\/#organization","name":"100 Jahre Siedlungsgeschichte","url":"http:\/\/wittingsbrok.de\/","logo":{"@type":"ImageObject","inLanguage":"de-DE","@id":"http:\/\/wittingsbrok.de\/#\/schema\/logo\/image\/","url":"http:\/\/wittingsbrok.de\/wp-a6f61-content\/uploads\/2019\/07\/Logo-4-1-e1562934907339.jpg","contentUrl":"http:\/\/wittingsbrok.de\/wp-a6f61-content\/uploads\/2019\/07\/Logo-4-1-e1562934907339.jpg","width":100,"height":100,"caption":"100 Jahre Siedlungsgeschichte"},"image":{"@id":"http:\/\/wittingsbrok.de\/#\/schema\/logo\/image\/"}}]}},"_links":{"self":[{"href":"http:\/\/wittingsbrok.de\/index.php?rest_route=\/wp\/v2\/pages\/588"}],"collection":[{"href":"http:\/\/wittingsbrok.de\/index.php?rest_route=\/wp\/v2\/pages"}],"about":[{"href":"http:\/\/wittingsbrok.de\/index.php?rest_route=\/wp\/v2\/types\/page"}],"author":[{"embeddable":true,"href":"http:\/\/wittingsbrok.de\/index.php?rest_route=\/wp\/v2\/users\/1"}],"replies":[{"embeddable":true,"href":"http:\/\/wittingsbrok.de\/index.php?rest_route=%2Fwp%2Fv2%2Fcomments&post=588"}],"version-history":[{"count":7,"href":"http:\/\/wittingsbrok.de\/index.php?rest_route=\/wp\/v2\/pages\/588\/revisions"}],"predecessor-version":[{"id":954,"href":"http:\/\/wittingsbrok.de\/index.php?rest_route=\/wp\/v2\/pages\/588\/revisions\/954"}],"wp:attachment":[{"href":"http:\/\/wittingsbrok.de\/index.php?rest_route=%2Fwp%2Fv2%2Fmedia&parent=588"}],"curies":[{"name":"wp","href":"https:\/\/api.w.org\/{rel}","templated":true}]}}