{"id":540,"date":"2019-08-28T15:36:29","date_gmt":"2019-08-28T13:36:29","guid":{"rendered":"http:\/\/wittingsbrok.de\/?page_id=540"},"modified":"2019-08-28T16:33:37","modified_gmt":"2019-08-28T14:33:37","slug":"konflikte","status":"publish","type":"page","link":"http:\/\/wittingsbrok.de\/?page_id=540","title":{"rendered":"Konflikte und mehr"},"content":{"rendered":"\n<p>\nFrieden schaffen ohne Waffen &#8211; auch vor der eigenen Haust\u00fcr. <br>Das\n ist nicht immer leicht. Die H\u00e4user sind Privateigentum und es gibt \nunterschiedliche Vorstellungen zu Um- und Anbauten, zur \nVorgartengestaltung, zu Lebensformen, zur Lautst\u00e4rke bei Feiern, &#8230;\n\n<\/p>\n\n\n\n<p>Der eine Nachbar baut im Hintergrundst\u00fcck neu, der andere hat keine Sonne mehr im Garten. Daraufhin baut er eine Dachterasse, um in der Sonne sitzen zu k\u00f6nnen. Jetzt hat er aber einen guten Ausblick in des einen Nachbars Garten, den das wiederum sehr st\u00f6rt.<\/p>\n\n\n\n<p>Ein anderer Fall: An ein altes Haus wird nach hinten ein gro\u00dfer Anbau gesetzt, nun ist der Blick aus dem Garten komplett ver\u00e4ndert. <\/p>\n\n\n\n<figure class=\"wp-block-image size-large\"><img decoding=\"async\" loading=\"lazy\" width=\"1024\" height=\"672\" src=\"http:\/\/wittingsbrok.de\/wp-a6f61-content\/uploads\/2019\/08\/20150814_181456-2-1024x672.jpg\" alt=\"\" class=\"wp-image-550\" srcset=\"http:\/\/wittingsbrok.de\/wp-a6f61-content\/uploads\/2019\/08\/20150814_181456-2-1024x672.jpg 1024w, http:\/\/wittingsbrok.de\/wp-a6f61-content\/uploads\/2019\/08\/20150814_181456-2-300x197.jpg 300w, http:\/\/wittingsbrok.de\/wp-a6f61-content\/uploads\/2019\/08\/20150814_181456-2-768x504.jpg 768w\" sizes=\"(max-width: 1024px) 100vw, 1024px\" \/><figcaption>vor dem Anbau<\/figcaption><\/figure>\n\n\n\n<figure class=\"wp-block-image size-large\"><img decoding=\"async\" loading=\"lazy\" width=\"1024\" height=\"589\" src=\"http:\/\/wittingsbrok.de\/wp-a6f61-content\/uploads\/2019\/08\/20190215_131936-2-1024x589.jpg\" alt=\"\" class=\"wp-image-551\" srcset=\"http:\/\/wittingsbrok.de\/wp-a6f61-content\/uploads\/2019\/08\/20190215_131936-2-1024x589.jpg 1024w, http:\/\/wittingsbrok.de\/wp-a6f61-content\/uploads\/2019\/08\/20190215_131936-2-300x173.jpg 300w, http:\/\/wittingsbrok.de\/wp-a6f61-content\/uploads\/2019\/08\/20190215_131936-2-768x442.jpg 768w\" sizes=\"(max-width: 1024px) 100vw, 1024px\" \/><figcaption>aus gleicher Blickrichtung nach dem Anbau<\/figcaption><\/figure>\n\n\n\n<figure class=\"wp-block-image size-large\"><img decoding=\"async\" loading=\"lazy\" width=\"1024\" height=\"498\" src=\"http:\/\/wittingsbrok.de\/wp-a6f61-content\/uploads\/2019\/08\/20190206_134928-1024x498.jpg\" alt=\"\" class=\"wp-image-552\" srcset=\"http:\/\/wittingsbrok.de\/wp-a6f61-content\/uploads\/2019\/08\/20190206_134928-1024x498.jpg 1024w, http:\/\/wittingsbrok.de\/wp-a6f61-content\/uploads\/2019\/08\/20190206_134928-300x146.jpg 300w, http:\/\/wittingsbrok.de\/wp-a6f61-content\/uploads\/2019\/08\/20190206_134928-768x373.jpg 768w\" sizes=\"(max-width: 1024px) 100vw, 1024px\" \/><\/figure>\n\n\n\n<p><\/p>\n\n\n\n<p><em>ein etwas zur\u00fcckliegender Fall:<\/em><br><strong>Wittingsbrunsbroker Tauben im bundesweiten Presserummel<\/strong><br>Eines Morgens im Juni 1999 fahren immer mehr Autos in die Sackgassen Wittingsbrok und Brunsbrok und parken vor den H\u00e4usern, weil der Parkplatz in der Mitte l\u00e4ngst vollgestellt ist. Nun erscheinen auch noch \u00dcbertragungswagen eines privaten Fernsehsenders und eines norddeutschen Radiosenders. Journalisten und Kameraleute schw\u00e4rmen aus den verschiedenen Fahrzeugen und steuern auf ein Haus zu. Der Grund f\u00fcr dieses gro\u00dfe Interesse von Rundfunk, Fernsehen und Presse ist ein Streit zwischen zwei Nachbarn, der zun\u00e4chst vor dem Landgericht, dann vor dem Oberlandesgericht Oldenburg ausgetragen wird.  <br>Nachbar A hatte Nachbarn B verklagt, weil er sich durch dessen Tauben bel\u00e4stigt f\u00fchlte. Das Gurren und Fl\u00fcgelrauschen der mindestens 35 frei fliegenden Tauben und vor allem die Verkotung seines Grundst\u00fccks seien nicht mehr hinnehmbar, berichtet Nachbar A den Reportern. Er m\u00f6chte die Zahl der Tauben auf 15 begrenzt haben. Nachbar B hingegen will sich nicht einschr\u00e4nken lassen und seinen Bestand von knapp 100 Tieren erhalten, weil er sonst den Taubensport nicht durchf\u00fchren k\u00f6nne.  <br>Bei der Ortsbesichtigung des Taubenschlages und des Nachbargrundst\u00fccks \u00fcberzeugen sich die Richter des Landgerichts in Anwesenheit der Journalisten und vor laufenden Kameras von den Gegebenheiten, stellen nur leises Fl\u00fcgelrauschen fest und entdecken keinen Kot auf Dach und Rasen des Nachbarn A. Der Taubenz\u00fcchter kann sogar nachweisen, dass Sporttauben anders koten als wild lebende Tauben, n\u00e4mlich kleine feste Portionen im Gegensatz zu breiten matschigen. Somit k\u00f6nnen die vermeintlichen Kleckse auf dem Rasen des Nachbarn A gar nicht von seinen Tauben stammen.<br>Die Klage wird mit der Begr\u00fcndung, 35 frei fliegende Tauben seien der Allgemeinheit zumutbar, abgewiesen und das Oberlandesgericht best\u00e4tigt das Urteil. Damit ist ein richtungsweisendes Grundsatzurteil f\u00fcr die 80 000 Taubenz\u00fcchter in Deutschland gesprochen worden.  <br>Beide Nachbarn akzeptieren das Ergebnis. Nachbar A zieht einige Zeit sp\u00e4ter weg.  <br><em>Marlies Peters<\/em><\/p>\n\n\n\n<p><\/p>\n\n\n\n<p>Auch das passierte in der Siedlung:<\/p>\n\n\n\n<figure class=\"wp-block-image size-large\"><img decoding=\"async\" loading=\"lazy\" width=\"1024\" height=\"561\" src=\"http:\/\/wittingsbrok.de\/wp-a6f61-content\/uploads\/2019\/08\/Rauschgift-im-Brunsbrok-1024x561.jpg\" alt=\"\" class=\"wp-image-553\" srcset=\"http:\/\/wittingsbrok.de\/wp-a6f61-content\/uploads\/2019\/08\/Rauschgift-im-Brunsbrok-1024x561.jpg 1024w, http:\/\/wittingsbrok.de\/wp-a6f61-content\/uploads\/2019\/08\/Rauschgift-im-Brunsbrok-300x164.jpg 300w, http:\/\/wittingsbrok.de\/wp-a6f61-content\/uploads\/2019\/08\/Rauschgift-im-Brunsbrok-768x421.jpg 768w\" sizes=\"(max-width: 1024px) 100vw, 1024px\" \/><\/figure>\n","protected":false},"excerpt":{"rendered":"<p>Frieden schaffen ohne Waffen &#8211; auch vor der eigenen Haust\u00fcr. Das ist nicht immer leicht. Die H\u00e4user sind Privateigentum und es gibt unterschiedliche Vorstellungen zu Um- und Anbauten, zur Vorgartengestaltung, zu Lebensformen, zur Lautst\u00e4rke bei Feiern, &#8230; Der eine Nachbar baut im Hintergrundst\u00fcck neu, der andere hat keine Sonne mehr im Garten. Daraufhin baut er [&hellip;]<\/p>\n","protected":false},"author":1,"featured_media":0,"parent":0,"menu_order":0,"comment_status":"closed","ping_status":"closed","template":"","meta":[],"yoast_head":"<!-- This site is optimized with the Yoast SEO plugin v19.11 - https:\/\/yoast.com\/wordpress\/plugins\/seo\/ -->\n<title>Konflikte und mehr - 100 Jahre Siedlungsgeschichte<\/title>\n<meta name=\"robots\" content=\"index, follow, max-snippet:-1, max-image-preview:large, max-video-preview:-1\" \/>\n<link rel=\"canonical\" href=\"http:\/\/wittingsbrok.de\/?page_id=540\" \/>\n<meta property=\"og:locale\" content=\"de_DE\" \/>\n<meta property=\"og:type\" content=\"article\" \/>\n<meta property=\"og:title\" content=\"Konflikte und mehr - 100 Jahre Siedlungsgeschichte\" \/>\n<meta property=\"og:description\" content=\"Frieden schaffen ohne Waffen &#8211; auch vor der eigenen Haust\u00fcr. Das ist nicht immer leicht. Die H\u00e4user sind Privateigentum und es gibt unterschiedliche Vorstellungen zu Um- und Anbauten, zur Vorgartengestaltung, zu Lebensformen, zur Lautst\u00e4rke bei Feiern, &#8230; Der eine Nachbar baut im Hintergrundst\u00fcck neu, der andere hat keine Sonne mehr im Garten. Daraufhin baut er [&hellip;]\" \/>\n<meta property=\"og:url\" content=\"http:\/\/wittingsbrok.de\/?page_id=540\" \/>\n<meta property=\"og:site_name\" content=\"100 Jahre Siedlungsgeschichte\" \/>\n<meta property=\"article:modified_time\" content=\"2019-08-28T14:33:37+00:00\" \/>\n<meta property=\"og:image\" content=\"http:\/\/wittingsbrok.de\/wp-a6f61-content\/uploads\/2019\/08\/20150814_181456-2-1024x672.jpg\" \/>\n<meta name=\"twitter:card\" content=\"summary_large_image\" \/>\n<meta name=\"twitter:label1\" content=\"Gesch\u00e4tzte Lesezeit\" \/>\n\t<meta name=\"twitter:data1\" content=\"2 Minuten\" \/>\n<script type=\"application\/ld+json\" class=\"yoast-schema-graph\">{\"@context\":\"https:\/\/schema.org\",\"@graph\":[{\"@type\":\"WebPage\",\"@id\":\"http:\/\/wittingsbrok.de\/?page_id=540\",\"url\":\"http:\/\/wittingsbrok.de\/?page_id=540\",\"name\":\"Konflikte und mehr - 100 Jahre Siedlungsgeschichte\",\"isPartOf\":{\"@id\":\"http:\/\/wittingsbrok.de\/#website\"},\"datePublished\":\"2019-08-28T13:36:29+00:00\",\"dateModified\":\"2019-08-28T14:33:37+00:00\",\"breadcrumb\":{\"@id\":\"http:\/\/wittingsbrok.de\/?page_id=540#breadcrumb\"},\"inLanguage\":\"de-DE\",\"potentialAction\":[{\"@type\":\"ReadAction\",\"target\":[\"http:\/\/wittingsbrok.de\/?page_id=540\"]}]},{\"@type\":\"BreadcrumbList\",\"@id\":\"http:\/\/wittingsbrok.de\/?page_id=540#breadcrumb\",\"itemListElement\":[{\"@type\":\"ListItem\",\"position\":1,\"name\":\"Startseite\",\"item\":\"http:\/\/wittingsbrok.de\/\"},{\"@type\":\"ListItem\",\"position\":2,\"name\":\"Konflikte und mehr\"}]},{\"@type\":\"WebSite\",\"@id\":\"http:\/\/wittingsbrok.de\/#website\",\"url\":\"http:\/\/wittingsbrok.de\/\",\"name\":\"100 Jahre Siedlungsgeschichte\",\"description\":\" im Wittingsbrok und im Brunsbrok in Oldenburg, Niedersachsen\",\"publisher\":{\"@id\":\"http:\/\/wittingsbrok.de\/#organization\"},\"potentialAction\":[{\"@type\":\"SearchAction\",\"target\":{\"@type\":\"EntryPoint\",\"urlTemplate\":\"http:\/\/wittingsbrok.de\/?s={search_term_string}\"},\"query-input\":\"required name=search_term_string\"}],\"inLanguage\":\"de-DE\"},{\"@type\":\"Organization\",\"@id\":\"http:\/\/wittingsbrok.de\/#organization\",\"name\":\"100 Jahre Siedlungsgeschichte\",\"url\":\"http:\/\/wittingsbrok.de\/\",\"logo\":{\"@type\":\"ImageObject\",\"inLanguage\":\"de-DE\",\"@id\":\"http:\/\/wittingsbrok.de\/#\/schema\/logo\/image\/\",\"url\":\"http:\/\/wittingsbrok.de\/wp-a6f61-content\/uploads\/2019\/07\/Logo-4-1-e1562934907339.jpg\",\"contentUrl\":\"http:\/\/wittingsbrok.de\/wp-a6f61-content\/uploads\/2019\/07\/Logo-4-1-e1562934907339.jpg\",\"width\":100,\"height\":100,\"caption\":\"100 Jahre Siedlungsgeschichte\"},\"image\":{\"@id\":\"http:\/\/wittingsbrok.de\/#\/schema\/logo\/image\/\"}}]}<\/script>\n<!-- \/ Yoast SEO plugin. -->","yoast_head_json":{"title":"Konflikte und mehr - 100 Jahre Siedlungsgeschichte","robots":{"index":"index","follow":"follow","max-snippet":"max-snippet:-1","max-image-preview":"max-image-preview:large","max-video-preview":"max-video-preview:-1"},"canonical":"http:\/\/wittingsbrok.de\/?page_id=540","og_locale":"de_DE","og_type":"article","og_title":"Konflikte und mehr - 100 Jahre Siedlungsgeschichte","og_description":"Frieden schaffen ohne Waffen &#8211; auch vor der eigenen Haust\u00fcr. Das ist nicht immer leicht. Die H\u00e4user sind Privateigentum und es gibt unterschiedliche Vorstellungen zu Um- und Anbauten, zur Vorgartengestaltung, zu Lebensformen, zur Lautst\u00e4rke bei Feiern, &#8230; Der eine Nachbar baut im Hintergrundst\u00fcck neu, der andere hat keine Sonne mehr im Garten. Daraufhin baut er [&hellip;]","og_url":"http:\/\/wittingsbrok.de\/?page_id=540","og_site_name":"100 Jahre Siedlungsgeschichte","article_modified_time":"2019-08-28T14:33:37+00:00","og_image":[{"url":"http:\/\/wittingsbrok.de\/wp-a6f61-content\/uploads\/2019\/08\/20150814_181456-2-1024x672.jpg"}],"twitter_card":"summary_large_image","twitter_misc":{"Gesch\u00e4tzte Lesezeit":"2 Minuten"},"schema":{"@context":"https:\/\/schema.org","@graph":[{"@type":"WebPage","@id":"http:\/\/wittingsbrok.de\/?page_id=540","url":"http:\/\/wittingsbrok.de\/?page_id=540","name":"Konflikte und mehr - 100 Jahre Siedlungsgeschichte","isPartOf":{"@id":"http:\/\/wittingsbrok.de\/#website"},"datePublished":"2019-08-28T13:36:29+00:00","dateModified":"2019-08-28T14:33:37+00:00","breadcrumb":{"@id":"http:\/\/wittingsbrok.de\/?page_id=540#breadcrumb"},"inLanguage":"de-DE","potentialAction":[{"@type":"ReadAction","target":["http:\/\/wittingsbrok.de\/?page_id=540"]}]},{"@type":"BreadcrumbList","@id":"http:\/\/wittingsbrok.de\/?page_id=540#breadcrumb","itemListElement":[{"@type":"ListItem","position":1,"name":"Startseite","item":"http:\/\/wittingsbrok.de\/"},{"@type":"ListItem","position":2,"name":"Konflikte und mehr"}]},{"@type":"WebSite","@id":"http:\/\/wittingsbrok.de\/#website","url":"http:\/\/wittingsbrok.de\/","name":"100 Jahre Siedlungsgeschichte","description":" im Wittingsbrok und im Brunsbrok in Oldenburg, Niedersachsen","publisher":{"@id":"http:\/\/wittingsbrok.de\/#organization"},"potentialAction":[{"@type":"SearchAction","target":{"@type":"EntryPoint","urlTemplate":"http:\/\/wittingsbrok.de\/?s={search_term_string}"},"query-input":"required name=search_term_string"}],"inLanguage":"de-DE"},{"@type":"Organization","@id":"http:\/\/wittingsbrok.de\/#organization","name":"100 Jahre Siedlungsgeschichte","url":"http:\/\/wittingsbrok.de\/","logo":{"@type":"ImageObject","inLanguage":"de-DE","@id":"http:\/\/wittingsbrok.de\/#\/schema\/logo\/image\/","url":"http:\/\/wittingsbrok.de\/wp-a6f61-content\/uploads\/2019\/07\/Logo-4-1-e1562934907339.jpg","contentUrl":"http:\/\/wittingsbrok.de\/wp-a6f61-content\/uploads\/2019\/07\/Logo-4-1-e1562934907339.jpg","width":100,"height":100,"caption":"100 Jahre Siedlungsgeschichte"},"image":{"@id":"http:\/\/wittingsbrok.de\/#\/schema\/logo\/image\/"}}]}},"_links":{"self":[{"href":"http:\/\/wittingsbrok.de\/index.php?rest_route=\/wp\/v2\/pages\/540"}],"collection":[{"href":"http:\/\/wittingsbrok.de\/index.php?rest_route=\/wp\/v2\/pages"}],"about":[{"href":"http:\/\/wittingsbrok.de\/index.php?rest_route=\/wp\/v2\/types\/page"}],"author":[{"embeddable":true,"href":"http:\/\/wittingsbrok.de\/index.php?rest_route=\/wp\/v2\/users\/1"}],"replies":[{"embeddable":true,"href":"http:\/\/wittingsbrok.de\/index.php?rest_route=%2Fwp%2Fv2%2Fcomments&post=540"}],"version-history":[{"count":4,"href":"http:\/\/wittingsbrok.de\/index.php?rest_route=\/wp\/v2\/pages\/540\/revisions"}],"predecessor-version":[{"id":554,"href":"http:\/\/wittingsbrok.de\/index.php?rest_route=\/wp\/v2\/pages\/540\/revisions\/554"}],"wp:attachment":[{"href":"http:\/\/wittingsbrok.de\/index.php?rest_route=%2Fwp%2Fv2%2Fmedia&parent=540"}],"curies":[{"name":"wp","href":"https:\/\/api.w.org\/{rel}","templated":true}]}}